3 - 113?
1030
In base 16, what is 491 - 0?
491
In base 8, what is 116 + -4?
112
In base 12, what is 52b - -1?
530
In base 2, what is -11100 - 11110011?
-100001111
In base 3, what is 10200 + -11202?
-1002
In base 11, what is 2 - 15?
-13
In base 4, what is -32 - 101?
-133
In base 6, what is -305 + 21?
-244
In base 7, what is -321 - 3?
-324
In base 7, what is -4 - -5164?
5160
In base 2, what is 11 - 10111111?
-10111100
In base 15, what is -67 + 5?
-62
In base 5, what is -10 - 30?
-40
In base 11, what is 9 - -2a3?
301
In base 8, what is 4 + -153?
-147
In base 15, what is 2 - -199?
19b
In base 9, what is 56 - 21?
35
In base 16, what is -5 - 210?
-215
In base 2, what is -101 - 1100?
-10001
In base 3, what is 1201 - -12?
1220
In base 4, what is -33301 + 2?
-33233
In base 13, what is 199 - -4?
1a0
In base 12, what is 2 + 640?
642
In base 3, what is 200200 - 11?
200112
In base 4, what is -21 + 12210?
12123
In base 3, what is 0 - -12?
12
In base 9, what is 35 + -32?
3
In base 5, what is 22 - 411?
-334
In base 11, what is -48 - 0?
-48
In base 5, what is -13 + 120?
102
In base 13, what is 183 - -5?
188
In base 6, what is -333 - -1?
-332
In base 15, what is 7 + 58?
60
In base 2, what is -10 - -1100001011?
1100001001
In base 14, what is 1 - -55?
56
In base 15, what is 0 - 446?
-446
In base 9, what is -5 - -141?
135
In base 10, what is -442 - 36?
-478
In base 5, what is -4 - 0?
-4
In base 16, what is -1b + -f1?
-10c
In base 16, what is -2 + 2b?
29
In base 6, what is -2035 + -10?
-2045
In base 12, what is -20a - -3?
-207
In base 4, what is 122 - -1?
123
In base 3, what is -20220 - -11?
-20202
In base 3, what is 12 + -20112?
-20100
In base 14, what is -4 - 19d?
-1a3
In base 7, what is 2236 - 35?
2201
In base 12, what is 4 - 84?
-80
In base 5, what is -441 + 20?
-421
In base 2, what is 10000 - -100111?
110111
In base 15, what is -48 + -1d?
-66
In base 4, what is -32323 + -3?
-32332
In base 3, what is 101201 + -1?
101200
In base 4, what is 3 - 203?
-200
In base 11, what is 42 - 38?
5
In base 12, what is a - 4?
6
In base 14, what is 8 - 19?
-11
In base 6, what is -443 - 1?
-444
In base 10, what is -4675 - -5?
-4670
In base 8, what is 2 - -2666?
2670
In base 15, what is -2b5 - 16?
-2cb
In base 13, what is -4a - 3?
-50
In base 3, what is 12021 + 10?
12101
In base 14, what is -456 - -2?
-454
In base 13, what is -26a3 + -5?
-26a8
In base 10, what is 106 + -1?
105
In base 7, what is 1026 + 4?
1033
In base 10, what is 198 + 1?
199
In base 14, what is -623 - -a?
-617
In base 16, what is 22f - 5?
22a
In base 5, what is -230 - 1?
-231
In base 12, what is 47 + 6?
51
In base 13, what is -2 - -4a1?
49c
In base 11, what is 4 - -430?
434
In base 11, what is -4 + -8?
-11
In base 14, what is -30c - 4?
-312
In base 3, what is -2011210 - 1?
-2011211
In base 8, what is -5 - 4700?
-4705
In base 11, what is -96 + -109?
-1a4
In base 10, what is -407 + 1?
-406
In base 4, what is -2001 + -13?
-2020
In base 16, what is 9 - -c9?
d2
In base 3, what is -1110 - -12120?
11010
In base 4, what is -221 - 10?
-231
In base 9, what is 8 + 274?
283
In base 5, what is -4 + -3231?
-3240
In base 6, what is -202 + 1425?
1223
In base 11, what is 331 - 5?
327
In base 5, what is -10312 + -3?
-10320
In base 15, what is 4 + 12c?
131
In base 3, what is 11202 - -12?
11221
In base 12, what is b - -15a?
169
In base 15, what is 3 + 22?
25
In base 3, what is 121 - 111222?
-111101
In base 16, what is 58 - -4?
5c
In base 13, what is 4 + -21a6?
-21a2
In base 5, what is 4221 + 4?
4230
In base 14, what is -21 - 4?
-25
In base 6, what is 12 - 30?
-14
In base 6, what is -2251 + 21?
-2230
In base 12, what is -68 - -13?
-55
In base 11, what is -88 - -11?
-77
In base 5, what is 11 + -3?
3
In base 8, what is -1 - -24?
23
In base 6, what is -2003 + 4?
-1555
In base 2, what is 1 - 11010?
-11001
In base 13, what is 5 + -41?
-39
In base 9, what is 20482 - 1?
20481
In base 14, what is 1 + -7d?
-7c
In base 14, what is 2 - -1bb?
1bd
In base 12, what is -306 + -a?
-314
In base 6, what is 3 - -31?
34
In base 3, what is -1012102 + -1?
-1012110
In base 4, what is 2 + 130?
132
In base 13, what is -43 + -2?
-45
In base 2, what is 1001110100 + -100?
1001110000
In base 3, what is -12 - -1001220?
1001201
In base 14, what is -3d + -2a?
-69
In base 15, what is -2 + -a30?
-a32
In base 9, what is 143 - -11?
154
In base 12, what is -30 - -36?
6
In base 14, what is -1b0 - 5?
-1b5
In base 16, what is 1 - -2a1?
2a2
In base 14, what is 262 - -2?
264
In base 13, what is 21ba - 4?
21b6
In base 10, what is -2 - -380?
378
In base 2, what is -100110000 - 100?
-100110100
In base 16, what is -8e - 1e?
-ac
In base 4, what is 313 + 2231?
3210
In base 12, what is -7a1 + 2?
-79b
In base 6, what is -142304 + 5?
-142255
In base 11, what is 117 + -11?
106
In base 10, what is -5 + 21?
16
In base 14, what is 19 - -cc?
107
In base 9, what is -10 - -181?
171
In base 15, what is -246 - 1?
-247
In base 12, what is 95 - -1?
96
In base 8, what is 7662 + 0?
7662
In base 15, what is 0 + -1ec?
-1ec
In base 15, what is 2 - -b3?
b5
In base 10, what is -594 + 5?
-589
In base 16, what is -1 + 1c9?
1c8
In base 13, what is 844 + -9?
838
In base 12, what is 9 - 6?
3
In base 15, what is -2 + 5c0?
5bd
In base 8, what is 3 - -1753?
1756
In base 7, what is -4 - -31?
24
In base 4, what is -1 - -20222?
20221
In base 14, what is 404 - -b?
411
In base 8, what is 2601 - 1?
2600
In base 9, what is -1 + -17?
-18
In base 8, what is 1647 + -4?
1643
In base 5, what is 10 + 320?
330
In base 10, what is -8 + -840?
-848
In base 9, what is -56 + 33?
-23
In base 2, what is 100 + 10001101011?
10001101111
In base 15, what is -58 - -6?
-52
In base 3, what is -22 - -1122000?
1121201
In base 4, what is -2 + -321?
-323
In base 8, what is -3 - 4317?
-4322
In base 13, what is -59 + -51?
-aa
In base 10, what is 109 + 125?
234
In base 5, what is -4 - 20?
-24
In base 5, what is 30310 + -4?
30301
In base 4, what is -121333 + 3?
-121330
In base 3, what is -11 + 1202121?
1202110
In base 2, what is -1000101 + -10000001?
-11000110
In base 2, what is -1 + 11111000?
11110111
In base 8, what is 0 - -15?
15
In base 15, what is -3 + 174?
171
In base 16, what is 5c4 - 7?
5bd
In base 4, what is 101 - 23?
12
In base 15, what is 4 - -e?
13
In base 11, what is -15 + -161?
-176
In base 3, what is 22 - -101?
200
In base 3, what is -112022 + 0?
-112022
In base 14, what is 13dc - -2?
1400
In base 8, what is -2203 + 0?
-2203
In base 10, what is 5 + 39?
44
In base 4, what is 10 - 32?
-22
In base 3, what is 110 + 2012?
2122
In base 3, what is 1 - 222202?
-222201
In base 16, what is -2 + 5c4?
5c2
In base 6, what is -35 - 1204?
-1243
In base 8, what is -311 - 1?
-312
In base 13, what is 3 - 1081?
-107b
In base 10, what is 6 + 45?
51
In base 5, what is 0 + 1330?
1330
In base 9, what is -21 + -15?
-36
In base 11, what is -5 - 297?
-2a1
In base 14, what is 179 - -2?
17b
In base 8, what is 154 - -1?
155
In base 4, what is 13 + -1000?
-321
In base 2, what is 110 + -1001110?
-1001000
In base 13, what is 0 + -227?
-227
In base 3, what is 1122 - -21?
1220
In base 13, what is -119 + -1b?
-137
In base 4, what is 10333 + -13?
10320
In base 15, what is -8 - b?
-14
In base 15, what is -4 - 307?
-30b
In base 11, what is 2536 + -5?
2531
In base 10, what is -30 + 2?
-28
In base 9, what is -206 - 5?
-212
In base 5, what is -303121 + -1?
-303122
In base 12, what is 2 + 30?
32
In base 3, what is -1221 + 2?
-1212
In base 8, what is -4 - 15462?
-15466
In base 4, what is -11313 + 11?
-11302
In base 16, what is -3 + cbf?
cbc
In base 4, what is -11020 + 0?
-11020
In base 4, what is -3231 + 2?
-3223
In base 6, what is 12 + 412?
424
In base 11, what is 1 + 32?
33
In base 14, what is 5 + -1d0?
-1c9
In base 8, what is 577 + 0?
577
In base 6, what is 23 - 1040?
-1013
In base 7, what is 10361 - -2?
10363
In base 15, what is -e + -3?
-12
In base 13, what is 121 - 6?
118
In base 15, what is -235 - -2?
-233
In base 7, what is 4 + -314?
-310
In base 13, what is 70 - -1?
71
In base 5, what is -12 - 32?
-44
In base 13, what is b7 + -c9?
-12
In base 12, what is 2451 + 4?
2455
In base 14, what is 1 + -1d?
-1c
In base 11, what is 5 + -43?
-39
In base 8, what is 7 - 2?
5
In base 2, what is -100100011000 + -10?
-100100011010
In base 9, what is 367 + -10?
357
In base 10